ded by w?
4
Let u = 180 + -93. Let b = -84 + u. What is the remainder when ((-2)/6)/(2/(-42)) is divided by b?
1
Let s(g) = 10 + 4*g + 0*g - 11*g**2 - 3*g + 0*g**2 + g**3. Let y be s(11). Calculate the remainder when 35 is divided by -2 + y - (-1 - -1).
16
Let m(j) = -j**2 - 14*j + 11. Let l be m(-15). Let t(g) = g**3 + g**2 - 2*g - 4. Calculate the remainder when t(3) is divided by l/(-6) - (-114)/18.
5
Suppose 0 = o - 3*k - 84, 2*o = -2*o - 3*k + 381. Let w = o + -59. Suppose -10 - w = -4*h. What is the remainder when 42 is divided by h?
9
Suppose -p + 1 = -4. Let m(s) = -2*s**2 + 70*s - 41. Calculate the remainder when m(34) is divided by p.
2
Let j be 6/1 - 4*1. Suppose -13 = -z - j. What is the remainder when 18 is divided by z?
7
Let v(g) = -g + 46. Let l be v(0). Let t(q) = -2*q - 5. Let w be t(6). Let b = l + w. What is the remainder when b is divided by 15?
14
Let z(u) = u**2 + 4*u + 2. Let l = 66 - 70. What is the remainder when 8 is divided by z(l)?
0
Let z(d) = 16*d**2 - 11*d - 41. What is the remainder when z(-5) is divided by 38?
34
Suppose -i = 11*t - 10*t - 21, -3*t - 4*i = -59. Calculate the remainder when t is divided by 16.
9
Suppose -4*f + 3*r + 515 = -0*r, 5*f - 2*r - 635 = 0. Calculate the remainder when f is divided by 35.
20
Suppose -144 = -3*b - x, -185 = -3*b - b + x. Calculate the remainder when 421 is divided by b.
45
Suppose -7 = -4*p + 33. Calculate the remainder when p is divided by ((-3)/(-6))/(5/50).
0
Let x(z) = -z**2 - 25*z - 124. Calculate the remainder when x(-12) is divided by 15.
2
Suppose 0 = 24*s - 44*s + 6600. Calculate the remainder when s is divided by 152.
26
Suppose 664 = 3*g + 160. Suppose -24 = -2*q - 0*q. Suppose -q*y + 5*y = -g. Calculate the remainder when y is divided by 7.
3
Let p(g) = 53*g + 26. Let l be p(-6). What is the remainder when 59 is divided by l/(-16) + -4 - (-9)/12?
14
Let p be (-2)/(-4) + (-285)/2. Let n = p + 211. Let d = n - 11. What is the remainder when d is divided by 20?
18
Let s = 76 + -54. Let z = 16 - s. Let d = z - -67. Calculate the remainder when d is divided by 21.
19
What is the remainder when (-2404)/(-16) + 0 - 24/(-32) is divided by 58?
35
Calculate the remainder when 84 is divided by (15/30)/(1*2/92).
15
Suppose -5*f = -5*t, -4*f + t = 3*t - 18. Let w = -13 + 22. Suppose 4*v - w*v = -40. What is the remainder when v is divided by f?
2
Suppose -12 = -5*v + 13. Suppose 0*a = a - v. Let f = 10 + a. What is the remainder when 28 is divided by f?
13
Let t = -2348 + 2403. What is the remainder when t is divided by 46?
9
Suppose 3*y + 130 = 4*g, -g + 4*y - 7 = -33. Suppose 0 = c - g - 0. Let x = c - 11. Calculate the remainder when 67 is divided by x.
21
Suppose 5*l = 5*m + 15 + 25, 3*m + 2*l = -34. Suppose -7*t = -2*t + 440. Calculate the remainder when 87 is divided by (t/m)/((-26)/(-65)).
21
Let j(f) = 18*f + 59. What is the remainder when 17 is divided by j(-3)?
2
Suppose -4*k + 0*k + 4 = 0. Let x = k - -32. What is the remainder when 64 is divided by x?
31
Suppose 0 = -19*s + 101 + 393. What is the remainder when s is divided by 4?
2
Let l = 392 - 376. Calculate the remainder when 172 is divided by l.
12
Let f = -18 - -25. What is the remainder when f is divided by (-4 - (-18 + 5)) + -5?
3
Suppose -3*b + 0*b = -4*m - 44, -5*b - 3*m = -54. Calculate the remainder when 69 is divided by b.
9
Suppose 3*l + 3*c - 14 = 2*c, -27 = -5*l + 2*c. Suppose -l*f + 2 = -8. Suppose 4 = -f*d + 50. Calculate the remainder when d is divided by 13.
10
Let o(k) = -261*k + 7. Calculate the remainder when o(-3) is divided by 15.
10
Let a(d) = 83*d**2 - 31*d - 1. Calculate the remainder when a(2) is divided by 34.
31
Suppose 3*u = -3*g + 6, 2*u = -3*g + 2*g + 4. Let t = u - -1. What is the remainder when (-3 + 80/6)*t is divided by 11?
9
Let q(o) = o**2 + 7*o + 2. Let v be q(-7). Suppose 7*h + x = 4*h + 30, -5*x + 29 = 4*h. Calculate the remainder when v/(-13) + 4169/143 is divided by h.
7
Let c = 53 - 14. Let f(z) be the third derivative of z**5/15 - z**4/6 + z**3/3 + 5*z**2. Calculate the remainder when c is divided by f(2).
9
Let s(h) = 2*h**2 - 4*h. Suppose 4*o = 3*m - 164, -4*m + 70 = -o - 153. Calculate the remainder when m is divided by s(-2).
8
Suppose -7*i + 13 + 1 = 0. Suppose -28 = -i*s - 3*n, 4*n - 8*n = s - 24. Calculate the remainder when 31 is divided by s.
7
Suppose -d + 101 = 3*u, u - 63 = -4*d - 33. Calculate the remainder when 120 is divided by u.
18
Suppose -2*y + y = -5. Suppose -35 = -y*d - 0. Let f = 369 + -349. What is the remainder when f is divided by d?
6
Suppose -13 = -5*o + 47. Calculate the remainder when 17 is divided by o.
5
Let x = -91 + 133. Calculate the remainder when 208 is divided by x.
40
Let q(n) = -n**2 + n + 15. Calculate the remainder when 59 is divided by q(-3).
2
Let u(w) = -2*w**2 - 67*w - 21. What is the remainder when u(-20) is divided by 65?
64
Let w = 24 - 14. Let m(s) = s - 5. Let y be m(5). Calculate the remainder when (y/(-2) - 29)/(-1) is divided by w.
9
Calculate the remainder when 858 is divided by (12/24)/(3/246).
38
Let m be ((-410)/(-6) + -3)*-15. What is the remainder when (m/80)/(1/(-8)) is divided by 25?
23
Let w = -17 + 18. Suppose -5*n + 100 = -4*k, -5*k = 2*n - 3*n - w. What is the remainder when 69 is divided by n?
21
What is the remainder when -12*1/(6/(-63)) is divided by 16/(-72) - 580/(-18)?
30
Let o(t) = t + 10. Let l be o(-9). What is the remainder when 213 is divided by l/((-2)/(-4)) - (-53 - -1)?
51
Let c = -34 - -11. Let z = -20 - c. Calculate the remainder when 4 is divided by z.
1
Let v(r) = -12*r**2 - 6*r + 5. Let o be v(2). Let m = 84 + o. Calculate the remainder when m is divided by 8.
5
What is the remainder when 1/((-6)/(-54)) - -1 is divided by 3?
1
Suppose -3*k = 2*h - 41 - 6, 4*k = 4*h + 76. Calculate the remainder when 19 is divided by k.
2
Let g = -224 + 242. Calculate the remainder when (-1 - -2) + 30 + 1 is divided by g.
14
Suppose 0 = -3*i - 2 - 10. Calculate the remainder when i*(-4)/((-48)/(-141)) is divided by 13.
8
Suppose -4*r - 4 = -6*r. Let o = 375 + -211. Suppose -r*v = 2*v - o. What is the remainder when v is divided by 11?
8
Let m = -107 - -338. Calculate the remainder when m is divided by 26.
23
Let b = -11 + 35. Let o = -8 + 50. Suppose -49 = -7*d + o. Calculate the remainder when b is divided by d.
11
Let m = -25 + 54. What is the remainder when 118 is divided by m?
2
Suppose 0 = -5*w - 2*y + 25, -3*y + 9 - 24 = -3*w. Suppose -155 = -2*x - w*a, -5*a - 371 = -5*x - a. What is the remainder when x is divided by 28?
19
Suppose 196 = 4*q - 0*q. Suppose 0 = 5*p - q - 136. Let f(v) = v**2 - 9*v. What is the remainder when p is divided by f(10)?
7
Let p(k) = 3*k**3 - k. Let y be p(1). Let n(o) = 2*o - 1. Let u be n(y). Suppose d - u*d + 82 = 0. What is the remainder when d is divided by 11?
8
Let i be (-10 + 13)/((-1)/(-115)). What is the remainder when 43 is divided by i/(-10)*4/(-6)?
20
Let b = 108 - 68. Calculate the remainder when b is divided by 14.
12
Suppose -16 = -r - r. Suppose -r*s = -3*s - 835. Let c = -96 + s. What is the remainder when c is divided by 24?
23
Suppose 0 = 2*k - 10 + 6. Let a(z) = 8*z + 6. What is the remainder when 42 is divided by a(k)?
20
Let u = -233 + 245. What is the remainder when 23 is divided by u?
11
Suppose 0 = 2*l - 4*j - 12, 6 = 4*l - 2*l - j. Suppose -l = 2*k - 34. Calculate the remainder when k is divided by 9.
7
Let l = -26 + 46. Let u = 39 - l. Calculate the remainder when 8/(-28) + 788/14 is divided by u.
18
Let w = 2 + 1. Suppose -w*f - 10 = -2*t + 2, 3*t = -f - 15. What is the remainder when 7 is divided by 9/2*f/(-9)?
1
Suppose 2*u - 5*j - 70 = -3*u, 3*u = 2*j + 46. Suppose -3 - 7 = -c. What is the remainder when u is divided by c?
8
Let v(q) = -q**3 + 16*q**2 - 17*q + 35. Let s be v(15). What is the remainder when 243 is divided by (-1)/s - 246/(-5)?
47
Let a = -31 + 80. What is the remainder when 142 is divided by a?
44
Let o = 297 - 208. Let i = o + -76. Calculate the remainder when 115 is divided by i.
11
Suppose 1332*o = 1340*o - 48. Suppose 0 = 5*m - 4*m. Suppose 4*l + 3*g - 118 = 0, m = 5*l - g - 61 - 77. Calculate the remainder when l is divided by o.
4
Suppose 0*o + 5*o + 15 = 0, -g + 4*o = -15. Suppose 5*k + 5*p = 55, -p = -4*k -